{"id":2,"date":"2014-11-19T16:19:41","date_gmt":"2014-11-19T16:19:41","guid":{"rendered":"https:\/\/aldv.ovh\/aldv\/?page_id=2"},"modified":"2023-01-10T16:49:24","modified_gmt":"2023-01-10T15:49:24","slug":"page-d-exemple","status":"publish","type":"page","link":"https:\/\/aldv.ovh\/","title":{"rendered":"Accueil"},"content":{"rendered":"<p>&nbsp;<\/p>\n<p><span style=\"font-size: 14pt;\"><img loading=\"lazy\" class=\"thumbnail\" src=\"https:\/\/aldv.ovh\/wp-content\/uploads\/2019\/10\/groupe-2019.jpg\" alt=\"\" width=\"701\" height=\"304\" \/><\/span><\/p>\n<p><span style=\"font-size: 14pt;\">L&rsquo;<strong>A<\/strong><strong>LDV<\/strong> (<strong>A<\/strong>ssociation <strong>L<\/strong>oisirs <strong>D<\/strong>\u00e9tente de\u00a0 <strong>V<\/strong>aucluse)\u00a0s&rsquo;est constitu\u00e9e en association Loi 1901 en 1989. Elle est enregistr\u00e9e en Pr\u00e9fecture du Vaucluse sous le N\u00b0 07390<\/span><\/p>\n<p style=\"padding-left: 30px;\" align=\"LEFT\"><span style=\"font-size: 12pt;\"><span style=\"font-size: 14pt;\"><a href=\"https:\/\/aldv.ovh\/wp-content\/uploads\/2015\/11\/Accueil1.jpg\"><img loading=\"lazy\" class=\"wp-image-355 alignright\" src=\"https:\/\/aldv.ovh\/wp-content\/uploads\/2015\/11\/Accueil1-213x300.jpg\" alt=\"Accueil1\" width=\"278\" height=\"392\" \/><\/a><\/span><\/span><\/p>\n<p style=\"padding-left: 30px;\" align=\"LEFT\"><span style=\"font-size: 14pt;\">Elle propose aux passionn\u00e9s, comme aux d\u00e9butant<\/span><span style=\"font-size: 14pt;\">s, des randonn\u00e9es \u00e0 la journ\u00e9e, le dimanche, pendant toute l&rsquo;ann\u00e9e scolai<\/span><span style=\"font-size: 14pt;\">re.<\/span><\/p>\n<p style=\"padding-left: 30px; text-align: left;\" align=\"LEFT\"><span style=\"font-size: 14pt;\">Encadr\u00e9es par des animateurs b\u00e9n\u00e9voles, ces <a href=\"https:\/\/aldv.ovh\/?page_id=620\">randonn\u00e9es <\/a>permettent de parcourir les sentiers, au rythme adapt\u00e9 au groupe des par<\/span><span style=\"font-size: 14pt;\">ticipants, \u00e0 la d\u00e9couverte du Vaucluse et des d\u00e9partements environnants.<\/span><\/p>\n<p style=\"padding-left: 30px;\" align=\"LEFT\"><span style=\"font-size: 14pt;\">De courts s\u00e9jours sont aussi propos\u00e9s pour randonner dans des r\u00e9gions plus lointaines.<\/span><\/p>\n<p style=\"padding-left: 30px;\" align=\"LEFT\"><span style=\"font-size: 14pt;\">L&rsquo;association est g\u00e9r\u00e9e et anim\u00e9e b\u00e9n\u00e9volement par les adh\u00e9rents eux-m\u00eames dans une ambiance chaleureuse et conviviale.<\/span><\/p>\n<p align=\"LEFT\"><span style=\"font-size: 18pt; color: #339966;\"><em><strong>NOUVEAUTE<\/strong><\/em><\/span><span style=\"font-size: 14pt;\">: \u00e0 partir de f\u00e9vrier 2023, un programme hebdomadaire de <a href=\"https:\/\/aldv.ovh\/wp-content\/uploads\/2023\/01\/programme-randos-douces-1t2023.pdf\">randos \u00ab\u00a0douces\u00a0\u00bb<\/a> est propos\u00e9 aux adh\u00e9rents le jeudi apr\u00e8s-midi.<\/span><\/p>\n<p align=\"LEFT\"><span style=\"font-size: 14pt;\">Comme pour les <a href=\"https:\/\/aldv.ovh\/wp-content\/uploads\/2023\/01\/programme-aldv-1t2023.pdf\">randos \u00ab\u00a0classiques\u00a0\u00bb<\/a>, les chiens bien \u00e9lev\u00e9s sont les bienvenus.<\/span><\/p>\n<p align=\"LEFT\"><span style=\"font-size: 14pt;\">\u00a0<\/span><\/p>\n","protected":false},"excerpt":{"rendered":"<p>&nbsp; L&rsquo;ALDV (Association Loisirs D\u00e9tente de\u00a0 Vaucluse)\u00a0s&rsquo;est constitu\u00e9e en association Loi 1901 en 1989. Elle est enregistr\u00e9e en Pr\u00e9fecture du Vaucluse sous le N\u00b0 07390 Elle propose aux passionn\u00e9s, comme aux d\u00e9butants, des randonn\u00e9es \u00e0 la journ\u00e9e, le dimanche, pendant toute l&rsquo;ann\u00e9e scolaire. Encadr\u00e9es par des animateurs b\u00e9n\u00e9voles, ces randonn\u00e9es permettent de parcourir les sentiers, &hellip; <a href=\"https:\/\/aldv.ovh\/\" class=\"more-link\">Continuer la lecture de <span class=\"screen-reader-text\">Accueil<\/span> <span class=\"meta-nav\">&rarr;<\/span><\/a><\/p>\n","protected":false},"author":1,"featured_media":0,"parent":0,"menu_order":0,"comment_status":"closed","ping_status":"open","template":"","meta":[],"_links":{"self":[{"href":"https:\/\/aldv.ovh\/index.php?rest_route=\/wp\/v2\/pages\/2"}],"collection":[{"href":"https:\/\/aldv.ovh\/index.php?rest_route=\/wp\/v2\/pages"}],"about":[{"href":"https:\/\/aldv.ovh\/index.php?rest_route=\/wp\/v2\/types\/page"}],"author":[{"embeddable":true,"href":"https:\/\/aldv.ovh\/index.php?rest_route=\/wp\/v2\/users\/1"}],"replies":[{"embeddable":true,"href":"https:\/\/aldv.ovh\/index.php?rest_route=%2Fwp%2Fv2%2Fcomments&post=2"}],"version-history":[{"count":9,"href":"https:\/\/aldv.ovh\/index.php?rest_route=\/wp\/v2\/pages\/2\/revisions"}],"predecessor-version":[{"id":2924,"href":"https:\/\/aldv.ovh\/index.php?rest_route=\/wp\/v2\/pages\/2\/revisions\/2924"}],"wp:attachment":[{"href":"https:\/\/aldv.ovh\/index.php?rest_route=%2Fwp%2Fv2%2Fmedia&parent=2"}],"curies":[{"name":"wp","href":"https:\/\/api.w.org\/{rel}","templated":true}]}}